5, what is -16 - 9?
-20
In base 5, what is 2314 - -3?
2322
In base 6, what is -4 - -4355?
4351
In base 15, what is 2 + 6a?
6c
In base 12, what is -1 - -39?
38
In base 11, what is 129 + -4?
125
In base 10, what is 2 - 64?
-62
In base 12, what is -2 + b6?
b4
In base 3, what is 21 + 212?
1010
In base 3, what is 222 - -21010?
22002
In base 5, what is 3434 + 4?
3443
In base 3, what is 11021 + -1?
11020
In base 2, what is -110111010 - 101?
-110111111
In base 7, what is 20 + 13?
33
In base 5, what is -2040 + 10?
-2030
In base 11, what is 6665 + -3?
6662
In base 10, what is 0 - -695?
695
In base 15, what is 458 + 4?
45c
In base 13, what is -b - -291?
283
In base 6, what is -13535 + -5?
-13544
In base 13, what is -32 - 2c7?
-329
In base 14, what is -4 + -2a07?
-2a0b
In base 5, what is -200 + -20?
-220
In base 12, what is 1 + -40?
-3b
In base 10, what is 1567 - -1?
1568
In base 5, what is 113 + -10?
103
In base 15, what is 338 - 3?
335
In base 8, what is -2 - 1726?
-1730
In base 14, what is c + -19?
-b
In base 8, what is 5 - -65?
72
In base 14, what is 89 - 1?
88
In base 11, what is -194 + 0?
-194
In base 11, what is 8 + 44?
51
In base 12, what is 32 + 38?
6a
In base 12, what is 1 + 8?
9
In base 7, what is 5 + 41?
46
In base 15, what is -d11 - 0?
-d11
In base 16, what is 0 - -b?
b
In base 11, what is 164 - -32?
196
In base 14, what is -2 - -23d?
23b
In base 8, what is 5 - -46?
53
In base 15, what is -4 + -3?
-7
In base 13, what is b - -16?
24
In base 2, what is 110 - 1010101101?
-1010100111
In base 3, what is -2010 - 0?
-2010
In base 2, what is -10110 + 110111111?
110101001
In base 3, what is 2 + -1022010?
-1022001
In base 7, what is 206 - -4?
213
In base 11, what is -5 - 30?
-35
In base 3, what is -2 - -101?
22
In base 14, what is 478 - 6?
472
In base 5, what is 413020 + -10?
413010
In base 5, what is -21 + 4?
-12
In base 12, what is -242 + 0?
-242
In base 8, what is -2 + -3150?
-3152
In base 11, what is -1 + -61?
-62
In base 2, what is 11010101111110 + 10?
11010110000000
In base 9, what is -11 + -74?
-85
In base 4, what is 0 + 101210?
101210
In base 4, what is 1011 + -21?
330
In base 5, what is 1121 - 1341?
-220
In base 7, what is 1431 - -4?
1435
In base 9, what is 0 + 74?
74
In base 8, what is 54 + 4?
60
In base 12, what is 288 - -2?
28a
In base 9, what is -55 - 25?
-81
In base 10, what is -3 + -9?
-12
In base 12, what is 506 + -7?
4bb
In base 3, what is -112211120 - -10?
-112211110
In base 16, what is -1 + -97?
-98
In base 12, what is 5 - 15b?
-156
In base 7, what is 153 - 0?
153
In base 13, what is -5 + 19?
14
In base 7, what is -3 + -51?
-54
In base 9, what is 1 - -304?
305
In base 9, what is 107 + 4?
112
In base 2, what is 110110 + -1111?
100111
In base 15, what is -6c - -42?
-2a
In base 7, what is -22611 + 4?
-22604
In base 11, what is 19 + 67?
85
In base 3, what is -12 + 21212?
21200
In base 6, what is -4 - -21?
13
In base 16, what is -1 + 10b?
10a
In base 2, what is 10110001 - 1?
10110000
In base 13, what is -140 + 1b?
-122
In base 5, what is -43 + 12?
-31
In base 15, what is 0 + d0?
d0
In base 10, what is -16 + -49?
-65
In base 14, what is -4 - -c9?
c5
In base 12, what is -16 + 11?
-5
In base 2, what is 101 - 1010011001100?
-1010011000111
In base 4, what is -1103300 + -2?
-1103302
In base 2, what is 1 + 101000001?
101000010
In base 7, what is 2612 - -6?
2621
In base 6, what is 3302 + -4?
3254
In base 8, what is -3 + 101?
76
In base 2, what is -1 + 10110100110?
10110100101
In base 5, what is 104 - -13?
122
In base 5, what is 110 + 101?
211
In base 4, what is 101 - -1231?
1332
In base 15, what is -190 + 2?
-18d
In base 10, what is 13 - 1037?
-1024
In base 10, what is -204 + 1?
-203
In base 9, what is 3681 + -2?
3678
In base 10, what is 1 - 81?
-80
In base 6, what is 203 + -100?
103
In base 5, what is 22 - 121?
-44
In base 14, what is -1 - 686?
-687
In base 6, what is 0 + -142?
-142
In base 4, what is 301000 - 10?
300330
In base 16, what is -6b9 + 0?
-6b9
In base 2, what is 11 + -1111101?
-1111010
In base 12, what is -80 - -3?
-79
In base 10, what is -62 - -15?
-47
In base 13, what is 3475 + -2?
3473
In base 5, what is -13301 + -3?
-13304
In base 5, what is 3211 - 11?
3200
In base 14, what is -2 + 42d?
42b
In base 10, what is 523 + 2?
525
In base 14, what is -21 + 6?
-19
In base 7, what is -1656 + -4?
-1663
In base 2, what is -111100 - 10?
-111110
In base 2, what is 1000 + -101010111?
-101001111
In base 3, what is 10 + -11110?
-11100
In base 3, what is 20000 - -10020?
100020
In base 8, what is 5244 - -1?
5245
In base 4, what is 30 + -211?
-121
In base 7, what is -1163 - 3?
-1166
In base 13, what is 1 + -2?
-1
In base 6, what is 11 - 11141?
-11130
In base 11, what is 286 + -1?
285
In base 5, what is 4 + 11002?
11011
In base 8, what is -1612 + 0?
-1612
In base 15, what is 185 - -3?
188
In base 16, what is -3e + -a?
-48
In base 12, what is -9 - 995?
-9a2
In base 7, what is -12562 - 4?
-12566
In base 7, what is 202 + -1?
201
In base 5, what is 230 + 10?
240
In base 10, what is 157 + 6?
163
In base 3, what is 20120 - 1?
20112
In base 7, what is -5 - -12?
4
In base 5, what is 412 + -4?
403
In base 6, what is -2340 + 30?
-2310
In base 10, what is 1888 + 1?
1889
In base 5, what is -23 - 1331?
-1404
In base 15, what is -2 - -3?
1
In base 10, what is 4 - -10?
14
In base 8, what is -15 - 47?
-64
In base 3, what is 10102200 + -1?
10102122
In base 7, what is -10 + -15?
-25
In base 13, what is -9b + -1?
-9c
In base 12, what is -97 - 135?
-210
In base 11, what is 3 + -3004?
-3001
In base 5, what is 4 + 33?
42
In base 9, what is 17 - -5?
23
In base 12, what is 3 + 998?
99b
In base 4, what is -3 + 3132?
3123
In base 7, what is 5546 + 3?
5552
In base 6, what is -1 - 5?
-10
In base 6, what is 54 + -3312?
-3214
In base 16, what is -1ab - -2a?
-181
In base 7, what is 4 + 3441?
3445
In base 4, what is 2013232 - -1?
2013233
In base 3, what is 21 + 200?
221
In base 13, what is 89 + 6?
92
In base 11, what is 25 - -128?
152
In base 3, what is -120222 - 11?
-121010
In base 5, what is -43 - 122?
-220
In base 11, what is -5 + -1720?
-1725
In base 3, what is 10 + -12100?
-12020
In base 10, what is 0 - 144?
-144
In base 16, what is 131 + 4?
135
In base 11, what is 13a - -2?
141
In base 4, what is 3120 + -22?
3032
In base 11, what is -1 - -35a?
359
In base 4, what is 320 + 120?
1100
In base 6, what is -542 + 4?
-534
In base 2, what is -10001101 + 111010?
-1010011
In base 11, what is -9a6 - 4?
-9aa
In base 5, what is -31001 - -3?
-30443
In base 8, what is -25 - -10?
-15
In base 16, what is 0 - 694?
-694
In base 8, what is -5443 - -2?
-5441
In base 6, what is 3102 + 0?
3102
In base 8, what is 1 - -100?
101
In base 7, what is -5 + -11?
-16
In base 16, what is -223 - 3?
-226
In base 8, what is -3760 - -5?
-3753
In base 6, what is -123 + 33?
-50
In base 3, what is 1011222 - 0?
1011222
In base 10, what is 10 + 14?
24
In base 9, what is -201 - -3?
-187
In base 7, what is -1 - -156?
155
In base 6, what is 1115 + 35?
1154
In base 14, what is -6 + c6?
c0
In base 4, what is 2 + -12003?
-12001
In base 10, what is 13 + -1?
12
In base 9, what is -4 + 60?
55
In base 7, what is 0 + 614?
614
In base 12, what is -1 + 959?
958
In base 15, what is 8a7 - -6?
8ad
In base 16, what is -2c - 9?
-35
In base 15, what is 7 + d?
15
In base 15, what is -5 - 91?
-96
In base 2, what is -1010000001001 - -101?
-1010000000100
In base 15, what is -2 + -c4?
-c6
In base 14, what is 1a3 + 1?
1a4
In base 13, what is -15 + -3c?
-54
In base 9, what is 14 - 46?
-32
In base 4, what is 21222 - 3?
21213
In base 2, what is -100 - -11?
-1
In base 11, what is -4884 - 1?
-4885
In base 11, what is 229 - 12?
217
In base 16, what is -100 + 4?
-fc
In base 14, what is -4 + 86?
82
In base 7, what is -1550 - -11?
-1536
In base 9, what is 68 - 4?
64
In base 14, what is -c5 - -1?
-c4
In base 2, what is 100 + -11000110100?
-11000110000
In base 13, what is -36b4 + 4?
-36b0
In base 5, what is -210 + 10?
-200
In base 15, what is -18d + 1?
-18c
In base 16, what is -2 + 129f?
129d
In base 13, what is 3 - -14c3?
14c6
In base 14, what is 3 - -19d?
1a2
In base 11, what is -a3 - -2?
-a1
In base 3, what is 2 + 101110?
101112
In base 14, what is 5 + 450?
455
In base 6, what is -1 - -3054?
3053
In base 8, what is 23 + 1142?
1165
In base 13, w